)/r - (-4)/(-16). What is the units digit of (t/6)/((-6)/18)?
1
Let m(o) = o**3 + 10*o**2 + 10*o - 9. Suppose -4*v = 5*h + 20, 0 = 3*h + v + 3*v + 4. What is the units digit of m(h)?
9
Let k = -10 + 8. What is the units digit of (-48)/(-20)*(-5)/k?
6
Let i(q) = -q**2 - q**3 - q + 12 - 8*q**2 - 6*q**2. What is the tens digit of i(-15)?
2
Suppose m - 98 = -2*l, 3*m - 46 = -4*l + 152. What is the units digit of l?
8
Let m = 9 + -6. Let c be (2/m)/((-2)/(-18)). Suppose r = -2*w + 7, 0 = 2*r - w + c*w - 17. What is the units digit of r?
1
Suppose -3 = -5*y + 7. Let c be 6/(-3) - (y + -2). What is the units digit of (-1)/c*(4 + -2)?
1
Suppose 2*y - 52 = -4*c, 3*c + 9 = -2*y + 48. Let x = 14 - c. What is the units digit of x?
1
Let b be ((-4)/(-10))/((-7)/(-70)). Suppose 3*z - 5*c = 15, b*z + 29 - 78 = -3*c. What is the tens digit of z?
1
Let x(h) = -h**2 + 10*h - 11. What is the units digit of x(8)?
5
Suppose 212 + 116 = 8*o. What is the units digit of o?
1
What is the tens digit of (1206/27)/(-1*1/(-6))?
6
Let c = 17 - 9. Suppose v = 5*f - c, v - 3*f = -4 - 4. What is the units digit of (-1)/(-4) + (-14)/v?
2
Suppose 0 = 5*y + 15, t - 3*y - 15 = 7. What is the units digit of t?
3
Suppose -5*z = -156 - 274. What is the units digit of z?
6
Let b(d) = -d**3 - 5*d**2 + 3*d - 4. Let p be b(-5). Let k = p + 43. Suppose 0 = -4*g - 4*v + k, 2*g - 2*v - 18 + 6 = 0. What is the units digit of g?
6
Let g(t) = -t**2 - 10*t + 3. What is the units digit of g(-10)?
3
Let z be 0 + 10 - (-4)/2. What is the units digit of 3/(-18) - (-134)/z?
1
Suppose 3*z = 3*c, 2*c = -z + 14 - 2. Suppose 3*m + 3 = -4*v + 27, -c*m = 0. What is the units digit of v?
6
Let j(d) = -d**2 + 9*d + 1. What is the tens digit of j(7)?
1
Let j(i) = i - 2. Let o(d) = d**3 - 4*d**2 - 4*d + 1. Let m be o(5). Let r be j(m). Let l(g) = -g**2 + 4*g + 3. What is the units digit of l(r)?
3
Let v be ((-4)/2 - -2)/(-2). Let h be -15*(-1 + (2 - v)). What is the units digit of (-44)/(-10) + 6/h?
4
Let y = 13 - 6. What is the units digit of y?
7
Let s be 2/4*0/2. Suppose -5*v + y + 68 = s, -3*y - 3 - 6 = 0. Let g = v + -4. What is the units digit of g?
9
Let h = 28 + -30. Let x(k) be the second derivative of -2*k**3 - k**2 + 2*k. What is the units digit of x(h)?
2
Let y(p) = p. Let m be y(-4). Let d(n) = -n - 2*n + 2 - 4 - 4. What is the units digit of d(m)?
6
Let y(t) = 4*t**2 - t + 1. Let s be y(1). What is the tens digit of 1/s + 174/8?
2
Let p(i) = 2*i**3 - 4*i**2 + 2*i - 1. Let g be p(3). Let z = g + -6. Suppose 3*l - z = -2. What is the units digit of l?
5
Suppose -2*j - 9 = -5*j. Suppose v - 20 = l, 2*l + 56 = j*v - 0*v. What is the units digit of v?
6
Suppose 0 = 4*t + i + 2 - 12, -4*t = -4*i. What is the units digit of t?
2
Suppose 3*g = y + 222, 2*y - 247 = -3*g - 16. What is the tens digit of g?
7
Suppose 0 = 5*k - 15. Let v be ((-3)/(-9) - 1)*3. What is the units digit of 0 + 15/k + v?
3
Let m = -175 - -301. What is the units digit of m?
6
Let c = 3 + 1. Let g be ((-3 - 0) + c)*7. Suppose x = 2*x - g. What is the units digit of x?
7
Suppose -5*a = -6*a + 19. What is the units digit of (-2)/(-8) + a/4?
5
Let d(u) = -u**3 - 6*u**2 - 7*u - 13. Let z be d(-4). Let x be (-2)/9 + 286/(-9). Let b = z - x. What is the units digit of b?
5
Let l(y) = y + y - 3*y + 2. Let z be l(-3). Suppose 5*b = z - 0. What is the units digit of b?
1
Suppose -10*u = -8*u - 268. What is the hundreds digit of u?
1
Let f = 13 + 309. What is the tens digit of f?
2
Suppose -6*b + 195 = -b. What is the units digit of b?
9
Let r = 18 + -15. Suppose 0 = r*b - 6*b + 3. What is the units digit of b?
1
Suppose 4*d = -3*g - 15, g - 5*g - 20 = 4*d. Let t = 2 - d. Suppose -f + t = -1. What is the units digit of f?
3
Let f(y) = y**2 - 4*y + 2. Let d = -5 - -12. What is the units digit of f(d)?
3
Let j(s) be the first derivative of -s**4/4 - 2*s**3/3 + 3*s**2 + 3*s + 2. Let g be j(-4). Let v = -4 + g. What is the units digit of v?
7
Suppose 0 = j - 4*j + 321. What is the hundreds digit of j?
1
Let f(x) = -25*x + 3. Let u be f(2). Let y = u - -79. What is the units digit of y?
2
Suppose -5*q = -n + 19, 3*n - q - 4 = 11. Suppose 3*u - 2*u = n*f - 17, 0 = -4*u + 3*f - 16. Let o = 1 - u. What is the units digit of o?
2
Suppose 6*j - 28 = 2*j. Let r(k) = -k**3 + 6*k**2 + 9*k + 1. What is the units digit of r(j)?
5
Let g be -2*3*(-51)/6. What is the units digit of g/9 - (-2)/(-3)?
5
What is the tens digit of (1 + (-22)/(-4))*4?
2
Let u(v) = -v + 17. Let z be u(0). Let h = z + -12. Suppose h*n = 15, -g - 2*n + 23 - 7 = 0. What is the units digit of g?
0
Suppose 5*a = -4*r + 175, 0*a - 4*a + 221 = 5*r. Suppose 6*w = w + r. What is the units digit of w?
9
Let l(o) = 3*o**2 + 2*o + 3. Let f be l(-3). Let m = f - 15. What is the units digit of m?
9
Suppose -2*o - 4*n = -3*n - 349, 3*o = -5*n + 534. What is the units digit of o?
3
Let g be 3/3 - -2*5. Let a = g + -3. What is the units digit of a?
8
Let s = -42 - -30. Let i be (2/(-4))/(2/s). Suppose 6 + 30 = i*l. What is the units digit of l?
2
Let s(h) = -3*h**2 - 2*h + 6*h + 5*h**2. What is the units digit of s(-3)?
6
Let y = 38 + 11. Let b = -11 + y. What is the units digit of b?
8
Let k(h) = 6*h**2 - 2*h - 1. Let a be k(2). Suppose 3*t - 4*c = a, 0*c + 5*c + 20 = 0. What is the units digit of t?
1
Let i be (-18)/6 + -1 + 15. Let g = 20 - i. What is the units digit of g?
9
Let b(g) = 13*g + 1. Let s be b(-2). Let i = s + 37. What is the units digit of i?
2
Let c be (-24)/(-1) - (1 - -2). Suppose -c = 5*m - 91. What is the tens digit of m?
1
Suppose -26 - 64 = -3*o. Let z = o + -18. What is the units digit of z?
2
Let d(t) = -2*t. What is the tens digit of d(-6)?
1
Suppose 0 = -0*q + 4*q - 124. What is the tens digit of q?
3
What is the units digit of (-6)/(-8) - (-36)/16?
3
Let a = -1 + -1. Let v = 3 - a. What is the units digit of v?
5
Let t(o) = -o**3 - 19*o**2 - 22*o - 18. What is the tens digit of t(-18)?
5
What is the units digit of -3 + 0 - (-6 - 1)*17?
6
What is the hundreds digit of -1 - -163 - 75/15?
1
Suppose -76 = -2*s - 2*s. What is the units digit of s?
9
Let u(t) = t**3 + 10*t**2 + 10*t + 9. Let f be u(-9). Let h be ((-3)/6 + 1)*16. Suppose f = 5*z - z - h. What is the units digit of z?
2
Let o(s) = 20*s**2 + 2*s + 1. Let z be o(-1). Let v = z + -6. What is the units digit of v?
3
What is the tens digit of 6/15 - 1040/(-25)?
4
Let q = -20 - -65. Let b = q + -31. What is the units digit of b?
4
What is the tens digit of (-152)/(-6) + (-4)/12?
2
What is the tens digit of (1 - 0)/((-2)/(-46))?
2
Suppose 4*t - 3*v - 71 = -0, -5*t + 2*v + 80 = 0. What is the tens digit of t?
1
Suppose 3*t - 7*t = -144. Suppose 0 = -s - 2*s + t. What is the units digit of s?
2
What is the tens digit of 73 - 3*12/(-9)?
7
Suppose -4*g + g + 510 = 0. What is the hundreds digit of g?
1
Suppose 5*k + 871 = 5*v - 359, -3*v = k - 746. What is the hundreds digit of v?
2
Let d(r) = 2*r**2 - 7*r - 7. What is the tens digit of d(7)?
4
What is the tens digit of (-1)/(-2)*(0 + 356 + 2)?
7
Let n(i) = -2 + 2*i**2 - i**3 - i**2 + 3 + 2*i. Let v be n(-1). What is the units digit of (0 - 0) + (8 - v)?
7
Let q = -7 - -25. Suppose -25 - 11 = -4*y. Let d = q - y. What is the units digit of d?
9
Suppose 5*z - 3*z = -3*v + 42, 3*z = -5*v + 61. Let o = -47 + 28. Let f = o + z. What is the units digit of f?
8
Suppose 2*f - 2*z + z = 2, -z = 4*f - 10. Suppose f*n - 10 = 5*k, -4*n = -n. What is the units digit of ((-5)/2)/(k/8)?
0
Let x = -19 - -9. What is the units digit of ((-10)/(-4))/((-5)/x)?
5
Let r = -50 + 95. What is the units digit of r?
5
Suppose -3*f - 3*u = 15, 6 = -f - f - u. What is the units digit of f/3 - 230/(-15)?
5
Let q(x) = -x + 15. Let s be q(10). Suppose 2*d - 10 = 3*d + 2*h, 4*d - 5*h + 92 = 0. What is the units digit of 12/30 - d/s?
4
Let k be 2/(-4)*(0 + 0). Let p be k + 1 + (3 - 3). Let s(i) = 6*i**3 - 2*i + 1. What is the units digit of s(p)?
5
Suppose z - 6*z - 2*b - 111 = 0, 3*b + 86 = -4*z. Let n = -10 - z. Let d = n - 6. What is the units digit of d?
7
Let x be ((-3)/3 - 0)*-8. Suppose r = -2*z - 5, x*z - 3*z = -4*r - 20. Suppose 3*m = -z + 3. What is the units digit of m?
1
Let d = -3 - -3. Suppose d = o + 5*k + 7, -2*o - 2*k = 3*k - 1. What is the units digit of o?
8
Let c = -46 - -77. Let 